{"id":1105,"date":"2014-10-11T18:35:48","date_gmt":"2014-10-11T16:35:48","guid":{"rendered":"http:\/\/www.iesneiravilas.es\/arquivo\/wp-content\/uploads\/2014\/10\/excursion4.jpg"},"modified":"2014-10-11T18:36:26","modified_gmt":"2014-10-11T16:36:26","slug":"excursion4","status":"inherit","type":"attachment","link":"https:\/\/www.iesneiravilas.es\/arquivo\/?attachment_id=1105","title":{"rendered":"No xard\u00edn bot\u00e1nico de Blanes. Que calor fac\u00eda !"},"author":1,"featured_media":0,"comment_status":"closed","ping_status":"open","template":"","meta":[],"class_list":["post-1105","attachment","type-attachment","status-inherit","hentry"],"description":{"rendered":"<p class=\"attachment\"><a href='https:\/\/www.iesneiravilas.es\/arquivo\/wp-content\/uploads\/2014\/10\/excursion4.jpg'><img loading=\"lazy\" decoding=\"async\" width=\"300\" height=\"206\" src=\"https:\/\/www.iesneiravilas.es\/arquivo\/wp-content\/uploads\/2014\/10\/excursion4-300x206.jpg\" class=\"attachment-medium size-medium\" alt=\"No xard\u00edn bot\u00e1nico de Blanes. Que calor fac\u00eda !\" srcset=\"https:\/\/www.iesneiravilas.es\/arquivo\/wp-content\/uploads\/2014\/10\/excursion4-300x206.jpg 300w, https:\/\/www.iesneiravilas.es\/arquivo\/wp-content\/uploads\/2014\/10\/excursion4.jpg 397w\" sizes=\"auto, (max-width: 300px) 100vw, 300px\" \/><\/a><\/p>\n"},"caption":{"rendered":"<p>No xard\u00edn bot\u00e1nico de Blanes. Que calor fac\u00eda !<\/p>\n"},"alt_text":"No xard\u00edn bot\u00e1nico de Blanes. Que calor fac\u00eda !","media_type":"image","mime_type":"image\/jpeg","media_details":{"width":397,"height":273,"file":"2014\/10\/excursion4.jpg","sizes":{"thumbnail":{"file":"excursion4-150x150.jpg","width":150,"height":150,"mime_type":"image\/jpeg","source_url":"https:\/\/www.iesneiravilas.es\/arquivo\/wp-content\/uploads\/2014\/10\/excursion4-150x150.jpg"},"medium":{"file":"excursion4-300x206.jpg","width":300,"height":206,"mime_type":"image\/jpeg","source_url":"https:\/\/www.iesneiravilas.es\/arquivo\/wp-content\/uploads\/2014\/10\/excursion4-300x206.jpg"},"full":{"file":"excursion4.jpg","width":397,"height":273,"mime_type":"image\/jpeg","source_url":"https:\/\/www.iesneiravilas.es\/arquivo\/wp-content\/uploads\/2014\/10\/excursion4.jpg"}},"image_meta":{"aperture":0,"credit":"","camera":"","caption":"","created_timestamp":0,"copyright":"","focal_length":0,"iso":0,"shutter_speed":0,"title":"","orientation":0}},"post":1101,"source_url":"https:\/\/www.iesneiravilas.es\/arquivo\/wp-content\/uploads\/2014\/10\/excursion4.jpg","_links":{"self":[{"href":"https:\/\/www.iesneiravilas.es\/arquivo\/index.php?rest_route=\/wp\/v2\/media\/1105","targetHints":{"allow":["GET"]}}],"collection":[{"href":"https:\/\/www.iesneiravilas.es\/arquivo\/index.php?rest_route=\/wp\/v2\/media"}],"about":[{"href":"https:\/\/www.iesneiravilas.es\/arquivo\/index.php?rest_route=\/wp\/v2\/types\/attachment"}],"author":[{"embeddable":true,"href":"https:\/\/www.iesneiravilas.es\/arquivo\/index.php?rest_route=\/wp\/v2\/users\/1"}],"replies":[{"embeddable":true,"href":"https:\/\/www.iesneiravilas.es\/arquivo\/index.php?rest_route=%2Fwp%2Fv2%2Fcomments&post=1105"}]}}

No xardín botánico de Blanes. Que calor facía !

<p class="attachment"><a href='https://www.iesneiravilas.es/arquivo/wp-content/uploads/2014/10/excursion4.jpg'><img loading="lazy" decoding="async" width="300" height="206" src="https://www.iesneiravilas.es/arquivo/wp-content/uploads/2014/10/excursion4-300x206.jpg" class="attachment-medium size-medium" alt="No xardín botánico de Blanes. Que calor facía !" srcset="https://www.iesneiravilas.es/arquivo/wp-content/uploads/2014/10/excursion4-300x206.jpg 300w, https://www.iesneiravilas.es/arquivo/wp-content/uploads/2014/10/excursion4.jpg 397w" sizes="auto, (max-width: 300px) 100vw, 300px" /></a></p>

<p>No xardín botánico de Blanes. Que calor facía !</p>
