{"id":1234,"date":"2014-10-11T19:21:52","date_gmt":"2014-10-11T17:21:52","guid":{"rendered":"http:\/\/www.iesneiravilas.es\/arquivo\/wp-content\/uploads\/2014\/10\/leccion_inaugural1.jpg"},"modified":"2014-10-11T19:23:33","modified_gmt":"2014-10-11T17:23:33","slug":"leccion_inaugural1","status":"inherit","type":"attachment","link":"https:\/\/www.iesneiravilas.es\/arquivo\/?attachment_id=1234","title":{"rendered":"Lecci\u00f3n inaugural por Xos\u00e9 Lu\u00eds Barreiro Rivas"},"author":1,"featured_media":0,"comment_status":"closed","ping_status":"open","template":"","meta":[],"class_list":["post-1234","attachment","type-attachment","status-inherit","hentry"],"description":{"rendered":"<p class=\"attachment\"><a href='https:\/\/www.iesneiravilas.es\/arquivo\/wp-content\/uploads\/2014\/10\/leccion_inaugural1.jpg'><img loading=\"lazy\" decoding=\"async\" width=\"300\" height=\"109\" src=\"https:\/\/www.iesneiravilas.es\/arquivo\/wp-content\/uploads\/2014\/10\/leccion_inaugural1-300x109.jpg\" class=\"attachment-medium size-medium\" alt=\"Lecci\u00f3n inaugural por Xos\u00e9 Lu\u00eds Barreiro Rivas\" srcset=\"https:\/\/www.iesneiravilas.es\/arquivo\/wp-content\/uploads\/2014\/10\/leccion_inaugural1-300x109.jpg 300w, https:\/\/www.iesneiravilas.es\/arquivo\/wp-content\/uploads\/2014\/10\/leccion_inaugural1.jpg 800w\" sizes=\"auto, (max-width: 300px) 100vw, 300px\" \/><\/a><\/p>\n"},"caption":{"rendered":"<p>Lecci\u00f3n inaugural por Xos\u00e9 Lu\u00eds Barreiro Rivas<\/p>\n"},"alt_text":"Lecci\u00f3n inaugural por Xos\u00e9 Lu\u00eds Barreiro Rivas","media_type":"image","mime_type":"image\/jpeg","media_details":{"width":800,"height":293,"file":"2014\/10\/leccion_inaugural1.jpg","sizes":{"thumbnail":{"file":"leccion_inaugural1-150x150.jpg","width":150,"height":150,"mime_type":"image\/jpeg","source_url":"https:\/\/www.iesneiravilas.es\/arquivo\/wp-content\/uploads\/2014\/10\/leccion_inaugural1-150x150.jpg"},"medium":{"file":"leccion_inaugural1-300x109.jpg","width":300,"height":109,"mime_type":"image\/jpeg","source_url":"https:\/\/www.iesneiravilas.es\/arquivo\/wp-content\/uploads\/2014\/10\/leccion_inaugural1-300x109.jpg"},"post-thumbnail":{"file":"leccion_inaugural1-672x293.jpg","width":672,"height":293,"mime_type":"image\/jpeg","source_url":"https:\/\/www.iesneiravilas.es\/arquivo\/wp-content\/uploads\/2014\/10\/leccion_inaugural1-672x293.jpg"},"full":{"file":"leccion_inaugural1.jpg","width":800,"height":293,"mime_type":"image\/jpeg","source_url":"https:\/\/www.iesneiravilas.es\/arquivo\/wp-content\/uploads\/2014\/10\/leccion_inaugural1.jpg"}},"image_meta":{"aperture":2.79999999999999982236431605997495353221893310546875,"credit":"","camera":"HP PhotoSmart C945 (V01.61)","caption":"","created_timestamp":1095423732,"copyright":"","focal_length":"7.6","iso":"100","shutter_speed":"0.01666","title":"","orientation":1}},"post":1229,"source_url":"https:\/\/www.iesneiravilas.es\/arquivo\/wp-content\/uploads\/2014\/10\/leccion_inaugural1.jpg","_links":{"self":[{"href":"https:\/\/www.iesneiravilas.es\/arquivo\/index.php?rest_route=\/wp\/v2\/media\/1234","targetHints":{"allow":["GET"]}}],"collection":[{"href":"https:\/\/www.iesneiravilas.es\/arquivo\/index.php?rest_route=\/wp\/v2\/media"}],"about":[{"href":"https:\/\/www.iesneiravilas.es\/arquivo\/index.php?rest_route=\/wp\/v2\/types\/attachment"}],"author":[{"embeddable":true,"href":"https:\/\/www.iesneiravilas.es\/arquivo\/index.php?rest_route=\/wp\/v2\/users\/1"}],"replies":[{"embeddable":true,"href":"https:\/\/www.iesneiravilas.es\/arquivo\/index.php?rest_route=%2Fwp%2Fv2%2Fcomments&post=1234"}]}}

Lección inaugural por Xosé Luís Barreiro Rivas

<p class="attachment"><a href='https://www.iesneiravilas.es/arquivo/wp-content/uploads/2014/10/leccion_inaugural1.jpg'><img loading="lazy" decoding="async" width="300" height="109" src="https://www.iesneiravilas.es/arquivo/wp-content/uploads/2014/10/leccion_inaugural1-300x109.jpg" class="attachment-medium size-medium" alt="Lección inaugural por Xosé Luís Barreiro Rivas" srcset="https://www.iesneiravilas.es/arquivo/wp-content/uploads/2014/10/leccion_inaugural1-300x109.jpg 300w, https://www.iesneiravilas.es/arquivo/wp-content/uploads/2014/10/leccion_inaugural1.jpg 800w" sizes="auto, (max-width: 300px) 100vw, 300px" /></a></p>

<p>Lección inaugural por Xosé Luís Barreiro Rivas</p>
