{"id":1630,"date":"2014-10-13T09:53:29","date_gmt":"2014-10-13T07:53:29","guid":{"rendered":"http:\/\/www.iesneiravilas.es\/arquivo\/wp-content\/uploads\/2014\/10\/facenda4.jpg"},"modified":"2014-10-13T09:54:03","modified_gmt":"2014-10-13T07:54:03","slug":"facenda4","status":"inherit","type":"attachment","link":"https:\/\/www.iesneiravilas.es\/arquivo\/?attachment_id=1630","title":{"rendered":"Comprobando os term\u00f3metros de m\u00e1xima e m\u00ednima (Centro Meteorol\u00f3xico da Coru\u00f1a)"},"author":1,"featured_media":0,"comment_status":"closed","ping_status":"open","template":"","meta":[],"class_list":["post-1630","attachment","type-attachment","status-inherit","hentry"],"description":{"rendered":"<p class=\"attachment\"><a href='https:\/\/www.iesneiravilas.es\/arquivo\/wp-content\/uploads\/2014\/10\/facenda4.jpg'><img loading=\"lazy\" decoding=\"async\" width=\"300\" height=\"225\" src=\"https:\/\/www.iesneiravilas.es\/arquivo\/wp-content\/uploads\/2014\/10\/facenda4-300x225.jpg\" class=\"attachment-medium size-medium\" alt=\"Comprobando os term\u00f3metros de m\u00e1xima e m\u00ednima (Centro Meteorol\u00f3xico da Coru\u00f1a)\" srcset=\"https:\/\/www.iesneiravilas.es\/arquivo\/wp-content\/uploads\/2014\/10\/facenda4-300x225.jpg 300w, https:\/\/www.iesneiravilas.es\/arquivo\/wp-content\/uploads\/2014\/10\/facenda4.jpg 614w\" sizes=\"auto, (max-width: 300px) 100vw, 300px\" \/><\/a><\/p>\n"},"caption":{"rendered":"<p>Comprobando os term\u00f3metros de m\u00e1xima e m\u00ednima (Centro Meteorol\u00f3xico da Coru\u00f1a)<\/p>\n"},"alt_text":"Comprobando os term\u00f3metros de m\u00e1xima e m\u00ednima (Centro Meteorol\u00f3xico da Coru\u00f1a)","media_type":"image","mime_type":"image\/jpeg","media_details":{"width":614,"height":461,"file":"2014\/10\/facenda4.jpg","sizes":{"thumbnail":{"file":"facenda4-150x150.jpg","width":150,"height":150,"mime_type":"image\/jpeg","source_url":"https:\/\/www.iesneiravilas.es\/arquivo\/wp-content\/uploads\/2014\/10\/facenda4-150x150.jpg"},"medium":{"file":"facenda4-300x225.jpg","width":300,"height":225,"mime_type":"image\/jpeg","source_url":"https:\/\/www.iesneiravilas.es\/arquivo\/wp-content\/uploads\/2014\/10\/facenda4-300x225.jpg"},"post-thumbnail":{"file":"facenda4-614x372.jpg","width":614,"height":372,"mime_type":"image\/jpeg","source_url":"https:\/\/www.iesneiravilas.es\/arquivo\/wp-content\/uploads\/2014\/10\/facenda4-614x372.jpg"},"full":{"file":"facenda4.jpg","width":614,"height":461,"mime_type":"image\/jpeg","source_url":"https:\/\/www.iesneiravilas.es\/arquivo\/wp-content\/uploads\/2014\/10\/facenda4.jpg"}},"image_meta":{"aperture":0,"credit":"","camera":"","caption":"","created_timestamp":0,"copyright":"","focal_length":0,"iso":0,"shutter_speed":0,"title":"","orientation":0}},"post":1626,"source_url":"https:\/\/www.iesneiravilas.es\/arquivo\/wp-content\/uploads\/2014\/10\/facenda4.jpg","_links":{"self":[{"href":"https:\/\/www.iesneiravilas.es\/arquivo\/index.php?rest_route=\/wp\/v2\/media\/1630","targetHints":{"allow":["GET"]}}],"collection":[{"href":"https:\/\/www.iesneiravilas.es\/arquivo\/index.php?rest_route=\/wp\/v2\/media"}],"about":[{"href":"https:\/\/www.iesneiravilas.es\/arquivo\/index.php?rest_route=\/wp\/v2\/types\/attachment"}],"author":[{"embeddable":true,"href":"https:\/\/www.iesneiravilas.es\/arquivo\/index.php?rest_route=\/wp\/v2\/users\/1"}],"replies":[{"embeddable":true,"href":"https:\/\/www.iesneiravilas.es\/arquivo\/index.php?rest_route=%2Fwp%2Fv2%2Fcomments&post=1630"}]}}

Comprobando os termómetros de máxima e mínima (Centro Meteorolóxico da Coruña)

<p class="attachment"><a href='https://www.iesneiravilas.es/arquivo/wp-content/uploads/2014/10/facenda4.jpg'><img loading="lazy" decoding="async" width="300" height="225" src="https://www.iesneiravilas.es/arquivo/wp-content/uploads/2014/10/facenda4-300x225.jpg" class="attachment-medium size-medium" alt="Comprobando os termómetros de máxima e mínima (Centro Meteorolóxico da Coruña)" srcset="https://www.iesneiravilas.es/arquivo/wp-content/uploads/2014/10/facenda4-300x225.jpg 300w, https://www.iesneiravilas.es/arquivo/wp-content/uploads/2014/10/facenda4.jpg 614w" sizes="auto, (max-width: 300px) 100vw, 300px" /></a></p>

<p>Comprobando os termómetros de máxima e mínima (Centro Meteorolóxico da Coruña)</p>
