{"id":1637,"date":"2014-10-13T09:57:03","date_gmt":"2014-10-13T07:57:03","guid":{"rendered":"http:\/\/www.iesneiravilas.es\/arquivo\/wp-content\/uploads\/2014\/10\/cecebre04.jpg"},"modified":"2014-10-13T09:58:41","modified_gmt":"2014-10-13T07:58:41","slug":"olympus-digital-camera-55","status":"inherit","type":"attachment","link":"https:\/\/www.iesneiravilas.es\/arquivo\/?attachment_id=1637","title":{"rendered":"Cartel da portada da primeira edici\u00f3n de \u201cO Bosque Animado\u201d, novela m\u00e1is co\u00f1ecida de Wenceslao Fern\u00e1ndez Fl\u00f3rez"},"author":1,"featured_media":0,"comment_status":"closed","ping_status":"open","template":"","meta":[],"class_list":["post-1637","attachment","type-attachment","status-inherit","hentry"],"description":{"rendered":"<p class=\"attachment\"><a href='https:\/\/www.iesneiravilas.es\/arquivo\/wp-content\/uploads\/2014\/10\/cecebre04.jpg'><img loading=\"lazy\" decoding=\"async\" width=\"300\" height=\"269\" src=\"https:\/\/www.iesneiravilas.es\/arquivo\/wp-content\/uploads\/2014\/10\/cecebre04-300x269.jpg\" class=\"attachment-medium size-medium\" alt=\"Cartel da portada da primeira edici\u00f3n de \u201cO Bosque Animado\u201d, novela m\u00e1is co\u00f1ecida de Wenceslao Fern\u00e1ndez Fl\u00f3rez\" srcset=\"https:\/\/www.iesneiravilas.es\/arquivo\/wp-content\/uploads\/2014\/10\/cecebre04-300x269.jpg 300w, https:\/\/www.iesneiravilas.es\/arquivo\/wp-content\/uploads\/2014\/10\/cecebre04.jpg 800w\" sizes=\"auto, (max-width: 300px) 100vw, 300px\" \/><\/a><\/p>\n"},"caption":{"rendered":"<p>Cartel da portada da primeira edici\u00f3n de \u201cO Bosque Animado\u201d, novela m\u00e1is co\u00f1ecida de Wenceslao Fern\u00e1ndez Fl\u00f3rez<\/p>\n"},"alt_text":"Cartel da portada da primeira edici\u00f3n de \u201cO Bosque Animado\u201d, novela m\u00e1is co\u00f1ecida de Wenceslao Fern\u00e1ndez Fl\u00f3rez","media_type":"image","mime_type":"image\/jpeg","media_details":{"width":800,"height":718,"file":"2014\/10\/cecebre04.jpg","sizes":{"thumbnail":{"file":"cecebre04-150x150.jpg","width":150,"height":150,"mime_type":"image\/jpeg","source_url":"https:\/\/www.iesneiravilas.es\/arquivo\/wp-content\/uploads\/2014\/10\/cecebre04-150x150.jpg"},"medium":{"file":"cecebre04-300x269.jpg","width":300,"height":269,"mime_type":"image\/jpeg","source_url":"https:\/\/www.iesneiravilas.es\/arquivo\/wp-content\/uploads\/2014\/10\/cecebre04-300x269.jpg"},"post-thumbnail":{"file":"cecebre04-672x372.jpg","width":672,"height":372,"mime_type":"image\/jpeg","source_url":"https:\/\/www.iesneiravilas.es\/arquivo\/wp-content\/uploads\/2014\/10\/cecebre04-672x372.jpg"},"twentyfourteen-full-width":{"file":"cecebre04-800x576.jpg","width":800,"height":576,"mime_type":"image\/jpeg","source_url":"https:\/\/www.iesneiravilas.es\/arquivo\/wp-content\/uploads\/2014\/10\/cecebre04-800x576.jpg"},"full":{"file":"cecebre04.jpg","width":800,"height":718,"mime_type":"image\/jpeg","source_url":"https:\/\/www.iesneiravilas.es\/arquivo\/wp-content\/uploads\/2014\/10\/cecebre04.jpg"}},"image_meta":{"aperture":3.100000000000000088817841970012523233890533447265625,"credit":"","camera":"u20D,S400D,u400D","caption":"","created_timestamp":1192792644,"copyright":"","focal_length":"6.87","iso":"80","shutter_speed":"0.025","title":"OLYMPUS DIGITAL CAMERA","orientation":1}},"post":1634,"source_url":"https:\/\/www.iesneiravilas.es\/arquivo\/wp-content\/uploads\/2014\/10\/cecebre04.jpg","_links":{"self":[{"href":"https:\/\/www.iesneiravilas.es\/arquivo\/index.php?rest_route=\/wp\/v2\/media\/1637","targetHints":{"allow":["GET"]}}],"collection":[{"href":"https:\/\/www.iesneiravilas.es\/arquivo\/index.php?rest_route=\/wp\/v2\/media"}],"about":[{"href":"https:\/\/www.iesneiravilas.es\/arquivo\/index.php?rest_route=\/wp\/v2\/types\/attachment"}],"author":[{"embeddable":true,"href":"https:\/\/www.iesneiravilas.es\/arquivo\/index.php?rest_route=\/wp\/v2\/users\/1"}],"replies":[{"embeddable":true,"href":"https:\/\/www.iesneiravilas.es\/arquivo\/index.php?rest_route=%2Fwp%2Fv2%2Fcomments&post=1637"}]}}

Cartel da portada da primeira edición de “O Bosque Animado”, novela máis coñecida de Wenceslao Fernández Flórez

<p class="attachment"><a href='https://www.iesneiravilas.es/arquivo/wp-content/uploads/2014/10/cecebre04.jpg'><img loading="lazy" decoding="async" width="300" height="269" src="https://www.iesneiravilas.es/arquivo/wp-content/uploads/2014/10/cecebre04-300x269.jpg" class="attachment-medium size-medium" alt="Cartel da portada da primeira edición de “O Bosque Animado”, novela máis coñecida de Wenceslao Fernández Flórez" srcset="https://www.iesneiravilas.es/arquivo/wp-content/uploads/2014/10/cecebre04-300x269.jpg 300w, https://www.iesneiravilas.es/arquivo/wp-content/uploads/2014/10/cecebre04.jpg 800w" sizes="auto, (max-width: 300px) 100vw, 300px" /></a></p>

<p>Cartel da portada da primeira edición de “O Bosque Animado”, novela máis coñecida de Wenceslao Fernández Flórez</p>
